f i?
5
Let l(k) = -2*k**2 + 8*k - 3. Let d be l(6). Let w be (-357)/(-27) + 6/d. Suppose 3 - w = -n. What is the units digit of n?
0
Let s = -1825 + 2674. What is the units digit of s?
9
Let p(r) = -5*r**2 + 12*r - 10. Let b be p(4). Let t = b + 148. What is the hundreds digit of t?
1
Suppose 140 = 4*b + 4*s, 3*s = b + 2*b - 111. Suppose -3*y - b = -6. Let h = -4 - y. What is the units digit of h?
6
Let n(o) be the third derivative of -5/6*o**3 - 1/120*o**6 + 0 + 1/60*o**5 - 1/8*o**4 + 3*o**2 + 0*o. What is the units digit of n(-2)?
3
What is the tens digit of -2 - (154/(-14) - 3582)?
9
What is the hundreds digit of 337*(4/8 - 6/(-4))?
6
Suppose 2666 + 2274 = 5*n. What is the hundreds digit of n?
9
Suppose -k + 14 - 4 = 0. Suppose k*i = 5*i + 20. Suppose -i*f = -7*f + 57. What is the units digit of f?
9
Let y(n) = -n + 9. Let a be y(-7). Suppose a*v - 20*v = -420. Suppose 0 = o - 6*o + 5*s + v, 4*o - 87 = 5*s. What is the tens digit of o?
1
Let u(v) = 13*v**3 - 15*v**2 - 7*v - 34. Let x(w) = -7*w**3 + 7*w**2 + 4*w + 17. Let r(i) = 6*u(i) + 11*x(i). What is the units digit of r(13)?
9
Suppose 0 = 5*i - 2*g - 20, -i + 6*i - 5*g = 35. Let u = 0 - -5. Suppose i*x - 129 = -u. What is the tens digit of x?
6
Let f = -193 - -645. What is the hundreds digit of f?
4
Let w be 22/(-33)*(-1 + -2). Suppose -w*a + 17 = -3*l, 2*a - 2*l - 10 - 4 = 0. What is the units digit of a?
4
Let t = 546 + -407. What is the hundreds digit of t?
1
Let v = 2492 - -3229. What is the tens digit of v?
2
Suppose 0 = -2*g - 2*g + 8. Let p(z) = -g*z**2 + 2 + 3*z**2 + 0 - 4. What is the units digit of p(2)?
2
Suppose 2*h - 1070 = -370. Let d = h - 195. What is the tens digit of d?
5
Let p(a) = 6*a + 14. Let l be p(4). Let i = l + 41. What is the tens digit of i?
7
Suppose -10 = p + 2*v, 3*p - v = -4 - 5. Let l be -1*p/(-8)*0. Suppose l*i = -4*i + 36. What is the units digit of i?
9
What is the units digit of (-11 + -7 - 50)*79/(-4)?
3
Suppose -425 = -22*w + 17*w. What is the units digit of w?
5
Suppose a - 5 = -0*a. Suppose -n = a - 2. What is the units digit of 28 + 4 + n/1?
9
Let i = 47 + -44. Suppose 0 = -5*z + 2*f + 109, 4*z = -i*f - 2*f + 107. What is the tens digit of z?
2
Let t = 23 - 17. Suppose 23 + t = i. Let u = i + -28. What is the units digit of u?
1
Let i be (-5)/(-6 - 4)*-4. What is the tens digit of i/(-8) + 406/8?
5
What is the thousands digit of (85936/14)/2 - 105/735?
3
Suppose -682 = 23*p - 34814. What is the tens digit of p?
8
Let b be 2/5 + 187/(-55). Let c be -8 - (2 + 15/b). Let v(h) = -h**3 - 4*h**2 + h + 3. What is the units digit of v(c)?
3
Suppose 4*o - 404 = -4*v, -6*v + 404 = -2*v - 3*o. Suppose 2*i = 21 + v. What is the units digit of i?
1
Suppose 3*a - 28 - 11 = 0. Let g = a + -5. Let d(p) = p**2 - 5*p - 11. What is the tens digit of d(g)?
1
Let r be (-1)/(445/148 - 3). Let g = 247 + r. Let m = -58 + g. What is the tens digit of m?
4
Let i(u) = -191*u + 557. What is the tens digit of i(-14)?
3
Let l(a) be the first derivative of -3*a + 7/2*a**2 + 1 - 1/3*a**3. What is the units digit of l(6)?
3
Let a = -31 - -22. Let s(z) = z**3 + 10*z**2 + 9*z + 4. Let g be s(a). Suppose 92 = g*p + 4*m, -70 = -2*p - p - 4*m. What is the units digit of p?
2
Let u = -2 - 7. What is the hundreds digit of 2/u - 10872/(-81)?
1
Let q = -48 + 194. What is the tens digit of q?
4
Suppose 4*w + 5*o = -8, 4*o - 2*o = -w + 1. Suppose -5*s = 87 - 242. Let h = w + s. What is the tens digit of h?
2
Suppose 0 = -5*r - 22*r + 22410. What is the tens digit of r?
3
Let l be (0 + -3)/((-6)/(-12)). Let h be 980/(-21)*l/(-5). Let n = -37 - h. What is the tens digit of n?
1
Let i(a) = -a**3 - 6*a**2 - 4*a + 8. Let f be i(-5). Suppose -5*x - 2*h + 69 + 177 = 0, 3*h + 156 = f*x. What is the units digit of x?
0
Suppose i - 4*g + 26 = 85, -3*i + 191 = -5*g. Suppose -i*n + 65*n = -436. What is the units digit of n?
8
Suppose -r + 4*r = 117. Suppose -9 = -8*o + r. What is the units digit of o?
6
Let i(y) = y**3 - 7*y**2 + 4*y. Let r be i(7). Suppose 5 = -t - 3*p, 5*t + 5*p + 14 = p. Let j = r - t. What is the units digit of j?
0
Suppose 0 = 6*d - 2406 + 168. What is the units digit of d?
3
Let o be ((-3)/6)/((-5)/5080). Suppose -2*i + o = 4*y, 0 = -y - i - i + 130. What is the units digit of y?
6
Let m(n) be the third derivative of -n**5/30 - 11*n**4/24 - 2*n**3/3 + 10*n**2. Let k be m(-6). What is the tens digit of ((-18)/k)/((-5)/(-75))?
2
What is the units digit of (4 - 7)*13/(195/(-12970))?
4
Suppose 2*a - h = 110, 2*a - 8 - 110 = -h. Let g = -33 - -65. Let z = a - g. What is the tens digit of z?
2
Let g = 25 - 23. Suppose 4*j = g*d - 25 + 7, -2*d + 18 = j. What is the units digit of d?
9
Suppose 0 = 5*z, 2*v + 4*z - 124 = 16. Let p = v + 34. What is the hundreds digit of p?
1
Let d = -194 + 52. Let i = d - -374. What is the units digit of i?
2
Let z be ((-2)/5)/(12/60). What is the units digit of z/6 + (-1572)/(-18)?
7
Suppose 0 = 5*c + 272 + 68. Let r be (4 - (-3900)/33) + 8/(-44). Let b = c + r. What is the tens digit of b?
5
Let y be (-1)/(-3*2/(-168)). What is the tens digit of 120/y*2*-7?
6
Let u = 94 + -293. Let d = -91 - u. Suppose 3*h - d = -0*h. What is the units digit of h?
6
Let i(k) = -2*k - 4. Let c be i(-17). What is the units digit of c/(-50) - 688/(-5)?
7
Suppose 0 = -4*b - 4*t - 4, -b = 5*t - 7. Let s(r) = r + 5. Let d be s(b). Suppose y + 9 = -0*c + 5*c, -d*y = -4*c + 6. What is the units digit of y?
1
Let c be (4/((-8)/14))/(-1). Let u = 48 - c. What is the units digit of u?
1
Let h = 16 + -69. What is the units digit of h/((-2)/2)*1?
3
What is the tens digit of (0 - 4) + 9/(72/5968)?
4
Let a = -671 + 1028. Let c = a - 190. Let g = c + -92. What is the tens digit of g?
7
Let u(l) = 1739*l + 243. What is the hundreds digit of u(2)?
7
Let y be ((-20)/(-6) - 3)*57. Let g = 103 - y. What is the units digit of g?
4
Suppose 0 = -2*m + 2*h - 6*h, -2*m + 3*h = 0. Suppose -4*j = m, 4*c - 39 = 4*j + 49. What is the units digit of c?
2
Let z = -52 + 59. What is the units digit of 186*((-14)/(-4))/z?
3
Suppose 5*o + 835 = -5*x, 7*x + 847 = 2*x + o. Let a = x - -275. What is the units digit of a?
6
Suppose -22*q + 12848 + 7392 = 0. What is the units digit of q?
0
Let x(p) = p**3 - 9*p**2 - 10*p - 15. Let k be x(11). Suppose m - 5*c - 81 = 0, 3*m - 5*c + k = 5*m. What is the tens digit of m?
6
Let g(i) = -i + 1. Let u be g(-1). Suppose 0*m + u*m = 0. What is the units digit of 1*12 - (-1 + m)?
3
Let p = -4 - -7. Let t(u) = -81*u - 158. Let i be t(-4). Suppose -p*y + 162 = y + d, -4*y - 3*d + i = 0. What is the tens digit of y?
4
Let i(u) = 2*u**3 + u**2 - u + 1. Suppose 0 = 4*p - 5 + 1. Let q be i(p). What is the tens digit of 2/q + 776/24?
3
Let s be -1*5*-13 + -2. Suppose -3*m + 69 = -6*m. Let x = m + s. What is the units digit of x?
0
Let t(q) = 24*q + 5. What is the tens digit of t(4)?
0
Let k be (-2)/(2 - (-96)/(-47)). Suppose -17 = 6*v - 59. Let t = k + v. What is the tens digit of t?
5
Suppose 0 = 2*y - 7*y - 15. Let a(n) = -n**3 + 4*n**2 + 3*n. What is the tens digit of a(y)?
5
Suppose -33*p - 2765 = -40*p. What is the tens digit of p?
9
Suppose 5*y = -2*n - 0*n + 2825, -4*y + 2*n + 2260 = 0. What is the tens digit of y?
6
Suppose -t + 3*h + 2*h + 12 = 0, 6 = -t - 4*h. Suppose -3*n = 4*r, 4*n - 5*r = n. Suppose t*i + 27 = j, n*i - i = 5*j - 91. What is the units digit of j?
9
Let r = 6 + -3. Suppose 0*l - r*l = 4*j - 432, 3*l = 3*j + 432. What is the units digit of l?
4
Suppose 21*k - 52430 = 4606. What is the thousands digit of k?
2
Suppose 59*b - 16760 = 39*b. What is the hundreds digit of b?
8
Let w be ((-3)/(-9))/((-1)/(-366)). What is the hundreds digit of -5 + (9 - 5) + w?
1
Suppose 5*g - 70 = -3*n, -5*n + 0*n + 70 = -g. Let s = -8 + n. What is the units digit of 198/s + 4/(-14)?
8
Suppose 0 = -123*m + 124*m - 136. Suppose -135*t - 150 = -m*t. What is the hundreds digit of t?
1
Let m(w) = 0*w**2 - 3*w**2 - 6 + 22*w - w**3 - 20*w. What is the hundreds digit of m(-8)?
2
Let l(w) = 8*w + 29. Let m be l(-3). What is the hundreds digit of -161*(m + 270/(-42))?
2
Suppose -6*g + 5*g + 4 = 0. Suppose -y = 2 - 1, -1070 = -g*w + 2*y. What is the tens digit of w?
6
Let k = 126 - 60. Suppose -4*q - 184 + 2 = -3*g, g = -4*q + k. Suppose -5*z = -g + 22. What is the units digit 